{"id":606,"date":"2024-06-30T12:13:35","date_gmt":"2024-06-30T12:13:35","guid":{"rendered":"https:\/\/xn--elinsndergaard-uqb.dk\/?page_id=606"},"modified":"2024-06-30T12:13:35","modified_gmt":"2024-06-30T12:13:35","slug":"portraetter-akryl-paa-laerred","status":"publish","type":"page","link":"http:\/\/xn--elinsndergaard-uqb.dk\/?page_id=606","title":{"rendered":"PORTR\u00c6TTER AKRYL P\u00c5 L\u00c6RRED"},"content":{"rendered":"\n<figure class=\"wp-block-image size-large is-resized\"><img loading=\"lazy\" decoding=\"async\" width=\"1024\" height=\"1024\" src=\"http:\/\/xn--elinsndergaard-uqb.dk\/wp-content\/uploads\/2023\/12\/DSCN0116-1024x1024.jpg\" alt=\"\" class=\"wp-image-185\" style=\"width:593px;height:auto\"\/><\/figure>\n\n\n\n<figure class=\"wp-block-image size-large is-resized\"><img loading=\"lazy\" decoding=\"async\" width=\"1024\" height=\"993\" src=\"http:\/\/xn--elinsndergaard-uqb.dk\/wp-content\/uploads\/2023\/12\/DSCN0723-scaled-e1703841573906-1024x993.jpg\" alt=\"\" class=\"wp-image-194\" style=\"width:598px;height:auto\"\/><\/figure>\n\n\n\n<figure class=\"wp-block-image size-large is-resized\"><img loading=\"lazy\" decoding=\"async\" width=\"1017\" height=\"1024\" src=\"http:\/\/xn--elinsndergaard-uqb.dk\/wp-content\/uploads\/2023\/12\/DSCN0121-1017x1024.jpg\" alt=\"\" class=\"wp-image-184\" style=\"width:599px;height:auto\"\/><\/figure>\n\n\n\n<figure class=\"wp-block-image size-large is-resized\"><img loading=\"lazy\" decoding=\"async\" width=\"1024\" height=\"1013\" src=\"http:\/\/xn--elinsndergaard-uqb.dk\/wp-content\/uploads\/2023\/12\/DSCN0158-scaled-e1703841926602-1024x1013.jpg\" alt=\"\" class=\"wp-image-189\" style=\"width:602px;height:auto\"\/><\/figure>\n\n\n\n<figure class=\"wp-block-image size-large is-resized\"><img loading=\"lazy\" decoding=\"async\" width=\"1024\" height=\"768\" src=\"http:\/\/xn--elinsndergaard-uqb.dk\/wp-content\/uploads\/2023\/12\/BECD0281-1024x768.jpg\" alt=\"\" class=\"wp-image-186\" style=\"width:602px;height:auto\"\/><\/figure>\n\n\n\n<figure class=\"wp-block-image size-large is-resized\"><img loading=\"lazy\" decoding=\"async\" width=\"1020\" height=\"1024\" src=\"http:\/\/xn--elinsndergaard-uqb.dk\/wp-content\/uploads\/2023\/12\/Uffe-Elbaek-e1703842066434-1020x1024.jpg\" alt=\"\" class=\"wp-image-187\" style=\"width:608px;height:auto\"\/><\/figure>\n\n\n\n<figure class=\"wp-block-image size-large is-resized\"><img loading=\"lazy\" decoding=\"async\" width=\"998\" height=\"1024\" src=\"http:\/\/xn--elinsndergaard-uqb.dk\/wp-content\/uploads\/2023\/12\/DSCN0577-scaled-e1703841711538-998x1024.jpg\" alt=\"\" class=\"wp-image-192\" style=\"width:614px;height:auto\"\/><\/figure>\n\n\n\n<figure class=\"wp-block-image size-large is-resized\"><img loading=\"lazy\" decoding=\"async\" width=\"1024\" height=\"1013\" src=\"http:\/\/xn--elinsndergaard-uqb.dk\/wp-content\/uploads\/2023\/12\/DSCN0763-scaled-e1703841344360-1024x1013.jpg\" alt=\"\" class=\"wp-image-195\" style=\"width:616px;height:auto\"\/><\/figure>\n\n\n\n<figure class=\"wp-block-image size-large is-resized\"><img loading=\"lazy\" decoding=\"async\" width=\"1024\" height=\"998\" src=\"http:\/\/xn--elinsndergaard-uqb.dk\/wp-content\/uploads\/2023\/12\/DSCN0451-scaled-e1703841799760-1024x998.jpg\" alt=\"\" class=\"wp-image-191\" style=\"width:618px;height:auto\"\/><\/figure>\n","protected":false},"excerpt":{"rendered":"","protected":false},"author":1,"featured_media":0,"parent":0,"menu_order":0,"comment_status":"closed","ping_status":"closed","template":"","meta":{"site-sidebar-layout":"default","site-content-layout":"","ast-site-content-layout":"default","site-content-style":"default","site-sidebar-style":"default","ast-global-header-display":"","ast-banner-title-visibility":"","ast-main-header-display":"","ast-hfb-above-header-display":"","ast-hfb-below-header-display":"","ast-hfb-mobile-header-display":"","site-post-title":"","ast-breadcrumbs-content":"","ast-featured-img":"","footer-sml-layout":"","ast-disable-related-posts":"","theme-transparent-header-meta":"","adv-header-id-meta":"","stick-header-meta":"","header-above-stick-meta":"","header-main-stick-meta":"","header-below-stick-meta":"","astra-migrate-meta-layouts":"default","ast-page-background-enabled":"default","ast-page-background-meta":{"desktop":{"background-color":"var(--ast-global-color-4)","background-image":"","background-repeat":"repeat","background-position":"center center","background-size":"auto","background-attachment":"scroll","background-type":"","background-media":"","overlay-type":"","overlay-color":"","overlay-opacity":"","overlay-gradient":""},"tablet":{"background-color":"","background-image":"","background-repeat":"repeat","background-position":"center center","background-size":"auto","background-attachment":"scroll","background-type":"","background-media":"","overlay-type":"","overlay-color":"","overlay-opacity":"","overlay-gradient":""},"mobile":{"background-color":"","background-image":"","background-repeat":"repeat","background-position":"center center","background-size":"auto","background-attachment":"scroll","background-type":"","background-media":"","overlay-type":"","overlay-color":"","overlay-opacity":"","overlay-gradient":""}},"ast-content-background-meta":{"desktop":{"background-color":"var(--ast-global-color-5)","background-image":"","background-repeat":"repeat","background-position":"center center","background-size":"auto","background-attachment":"scroll","background-type":"","background-media":"","overlay-type":"","overlay-color":"","overlay-opacity":"","overlay-gradient":""},"tablet":{"background-color":"var(--ast-global-color-5)","background-image":"","background-repeat":"repeat","background-position":"center center","background-size":"auto","background-attachment":"scroll","background-type":"","background-media":"","overlay-type":"","overlay-color":"","overlay-opacity":"","overlay-gradient":""},"mobile":{"background-color":"var(--ast-global-color-5)","background-image":"","background-repeat":"repeat","background-position":"center center","background-size":"auto","background-attachment":"scroll","background-type":"","background-media":"","overlay-type":"","overlay-color":"","overlay-opacity":"","overlay-gradient":""}},"footnotes":""},"class_list":["post-606","page","type-page","status-publish","hentry"],"_links":{"self":[{"href":"http:\/\/xn--elinsndergaard-uqb.dk\/index.php?rest_route=\/wp\/v2\/pages\/606","targetHints":{"allow":["GET"]}}],"collection":[{"href":"http:\/\/xn--elinsndergaard-uqb.dk\/index.php?rest_route=\/wp\/v2\/pages"}],"about":[{"href":"http:\/\/xn--elinsndergaard-uqb.dk\/index.php?rest_route=\/wp\/v2\/types\/page"}],"author":[{"embeddable":true,"href":"http:\/\/xn--elinsndergaard-uqb.dk\/index.php?rest_route=\/wp\/v2\/users\/1"}],"replies":[{"embeddable":true,"href":"http:\/\/xn--elinsndergaard-uqb.dk\/index.php?rest_route=%2Fwp%2Fv2%2Fcomments&post=606"}],"version-history":[{"count":10,"href":"http:\/\/xn--elinsndergaard-uqb.dk\/index.php?rest_route=\/wp\/v2\/pages\/606\/revisions"}],"predecessor-version":[{"id":617,"href":"http:\/\/xn--elinsndergaard-uqb.dk\/index.php?rest_route=\/wp\/v2\/pages\/606\/revisions\/617"}],"wp:attachment":[{"href":"http:\/\/xn--elinsndergaard-uqb.dk\/index.php?rest_route=%2Fwp%2Fv2%2Fmedia&parent=606"}],"curies":[{"name":"wp","href":"https:\/\/api.w.org\/{rel}","templated":true}]}}